
False
Suppose 11*p = 2*p + 14319. Is p prime?
False
Let m(j) = -j + 1. Let g be m(1). Let b be ((g - 2) + 2)*-1. Suppose h + 2*h - 21 = b. Is h composite?
False
Let h(c) = 8*c**3 + c**2 - 2*c + 1. Is h(2) composite?
True
Let t(j) = -j**2 - 18*j - 13. Is t(-8) a prime number?
True
Let k be 2034/(-10) - (-6)/15. Suppose 178 + 260 = -3*i + 3*p, 4*i + 583 = 3*p. Let h = i - k. Is h a composite number?
True
Let a = -108 - -185. Is a a prime number?
False
Let n(f) = f**3 + 6*f**2 - 8*f - 4. Let i be n(-7). Let v be (i*-5)/(3 - 4). Suppose h + 3*t - 59 = -3*h, 3*t = v. Is h prime?
True
Let n(w) = -8*w**3 - 13*w**2 + 2*w + 6. Is n(-7) a composite number?
False
Let v(m) = -1165*m**3 - m**2 + 1. Is v(-1) a prime number?
False
Let z(q) = q**3 + 12*q**2 + 5*q + 13. Let p be 2*(-4)/24*33. Is z(p) a prime number?
True
Suppose -n - m + 5*m + 4 = 0, -m = -5*n + 20. Is n/12 - 266/(-3) a prime number?
True
Let b(j) = -2*j + 4. Let m be b(-15). Suppose m + 179 = 3*x. Is x a composite number?
False
Let g(h) = 14*h - 8 + h**2 - 15*h - 3. Is g(10) composite?
False
Suppose -4*y = 5*r - 212, -4*y - r + 227 = 15. Suppose -2*f = -y - 41. Is f a prime number?
True
Let n(v) = -4*v**3 - 3*v**2 + v + 1. Let m be n(2). Let h = -20 - m. Is h a prime number?
False
Is -3*4/(-6)*97 composite?
True
Is 353/4 + 6/8 composite?
False
Let b(c) = -c**2 - 7*c - 1. Let q be b(-5). Is (-14)/63 - (-1667)/q composite?
True
Suppose r - 7*a + 2*a = 14, -4*r + 4*a + 24 = 0. Suppose -2*p - 12 + 2 = 0, j = -r*p + 86. Is j a prime number?
False
Let d be 3*(24/10 + (-14)/35). Let b(l) = -2*l + 4*l + l**3 - 1 - 6*l**2 - 1. Is b(d) a prime number?
False
Let m be (3/(-3))/((-1)/3). Suppose 0 = -m*f + 70 + 503. Is f composite?
False
Let k(u) = 2*u + 1. Let m(b) = b + 6. Let w be m(-4). Let d be k(w). Suppose 4*n + 2*l = 90, 3*n + d*l - 36 = 2*n. Is n a prime number?
False
Let r(m) = -2*m + 17. Let f(c) = -1. Let p(x) = 3*f(x) + r(x). Let a be p(10). Is 4/a - (-956)/12 a composite number?
False
Let n = 61 + -112. Is (n - 1)*145/(-20) a composite number?
True
Let i be (4/10)/(3/30). Suppose -160 = i*x - 0*x. Let w = x - -71. Is w composite?
False
Let f be (36/(-42))/(1/(-7)). Let k(a) = a**3 - 3*a**2 + 9*a - 5. Is k(f) a prime number?
True
Let a(r) = -129*r - 14. Is a(-7) composite?
True
Is -8*2*(-33)/24 prime?
False
Suppose -2*r - 3*q = -592, -4*r = -4*q - 440 - 764. Is r composite?
True
Let s = 134 + -41. Is s prime?
False
Suppose -3*h + 3*i + 21 = 0, -11 = -5*h - 4*i + i. Suppose 5*w = d + 3262, -10 = -h*d + 2. Is w a composite number?
False
Let i(h) be the second derivative of 2*h**3 - h**2/2 + 2*h. Suppose -5*v = -20 - 20. Is i(v) a composite number?
True
Let m(c) = 106*c + 3. Let a be m(4). Suppose -2*f + 3*t + 1052 = 3*f, 0 = -2*f - 5*t + a. Is f composite?
False
Let r = 37 - 0. Is r a composite number?
False
Let r be (207/4)/(6/32). Let c = -131 + r. Is c composite?
True
Suppose -5*d = 5*f - 10, -2 = -d - 4. Suppose 4*q = -0*q - v + 1008, -4*q + 996 = f*v. Is q a composite number?
True
Suppose 14*f = 6*f + 23512. Is f a prime number?
True
Let a(s) = -28*s - 13*s + 5 + 11*s. Suppose 3*y = 3*m + 2*m + 34, 2*y = 6. Is a(m) a prime number?
False
Let l be (-4)/16 + (-50)/(-8). Let p = l + 1. Is p composite?
False
Suppose 788 + 440 = 4*k. Is k a prime number?
True
Let p = 526 + -290. Suppose -i = -5*i + p. Suppose -3*f + 34 = -i. Is f composite?
False
Let i = 200 + 219. Is i a composite number?
False
Let r(u) be the third derivative of u**5/30 - u**3/2 + 2*u**2. Is r(-6) prime?
False
Let d(v) = -16*v - 1. Is d(-2) composite?
False
Suppose -3*r - 2200 = 2*r. Let m = -313 - r. Is m a prime number?
True
Suppose 2*n + 5*n = 3122. Is n a composite number?
True
Is 0 - (-4389)/15 - 6/(-15) a prime number?
True
Let j = -4 + 7. Suppose 2*t - 167 = -f, -j*f - t = 3*t - 491. Is f a composite number?
False
Let r = -232 + 749. Is r prime?
False
Let d(l) = l**2 - 7*l - 5. Suppose -5*p - 2 = s, 0*s - 4 = 2*s + p. Let w = -6 - s. Is d(w) a composite number?
True
Suppose 2*z + 1520 = 2*k - z, 0 = k + 3*z - 778. Is k prime?
False
Suppose 0 = -z + 2*y + 22, 0 = -4*z - 2*y + 18 + 90. Is (z/(-3))/((-8)/12) composite?
False
Let b = 107 - 164. Let d = -1 - b. Is -1 + d + (-3 - -1) a composite number?
False
Let b be 0 + (1 + 0)/(-1). Is 11*8 + 2 + b prime?
True
Suppose -x + 340 = -2*l - 3*l, -3*x - 3*l + 948 = 0. Let q = x + -72. Let c = q - 169. Is c a prime number?
True
Let z = 3 - 6. Let q(v) = v**2 + v - 1. Let n be q(z). Suppose -y = -2*f - 65, -3*y = -4*y - n*f + 72. Is y a composite number?
False
Let d(y) = y**3 + 4*y**2 + 6*y - 20. Is d(9) a composite number?
False
Suppose 0*b - 86 = -2*b + 4*d, -5*b + 243 = 4*d. Is b a composite number?
False
Let u(l) = -l**2 + 10*l + 14. Let o be u(11). Suppose -5*b - 40 = o*s, -b = -2*b - 3*s - 8. Let a = b + 85. Is a composite?
True
Suppose 0 = -0*c + c - 231. Suppose -6*u + c = -3*u. Is u prime?
False
Suppose 210 = 3*h + 4*g - 1111, -1361 = -3*h + 4*g. Is h a prime number?
False
Let g(d) = -2*d**3 - 2*d**2 + 2*d - 3. Let z(p) = p**3 - p**2 - p. Let s be z(1). Let n = s - 3. Is g(n) a composite number?
True
Suppose -2*w - 3*a - 2*a + 259 = 0, 0 = 3*w - 3*a - 378. Is w prime?
True
Let x(i) be the second derivative of -2*i**3/3 + 3*i**2 + 3*i. Is x(-7) a composite number?
True
Let x(c) = 3*c**3 + c**2 - 3*c + 1. Suppose -2*p + 3 = -1. Let r be x(p). Let o = r - -54. Is o a composite number?
True
Suppose 4*k + 2*d = 3*k + 5161, -2*k + 3*d + 10322 = 0. Is k composite?
True
Suppose 105 = 4*s + q, -2*q + 85 = 4*s - 5*q. Suppose -3*p + s = 5*i + 2*p, 0 = -2*i + 5*p + 31. Is (-2)/(-8) + 470/i a prime number?
True
Let s(f) = -2*f + 4. Let m be s(5). Let r = 95 + m. Is r a prime number?
True
Let m be (-1822)/6 + 4/6. Let x = 424 + m. Is x a composite number?
True
Suppose 0 = c + 5*f - 112 - 111, -5*c = -5*f - 1115. Is c prime?
True
Suppose -4*s + s + 2*u = -1, 0 = -3*s + 5*u - 11. Suppose -12 = 3*r, 2*v = s*r + 20 - 8. Suppose v = -4*p - 39 + 115. Is p a composite number?
False
Let z = 109 - 248. Let r = z - -198. Is r + (-1 + -1 - -2) composite?
False
Suppose 295 = 5*k - 1300. Is k a composite number?
True
Let m(s) = 6*s**3 + 2*s**2 + s - 4. Is m(3) a prime number?
True
Suppose 861 = 4*b - 0*r - 5*r, 2*r = 2*b - 428. Is b a prime number?
False
Suppose -28 = -4*o - 8, -5*o + 40 = 5*q. Let d(a) = 4 + 4 - a**2 + 9*a + q. Is d(8) composite?
False
Is (3898/(-4))/((-7)/14) prime?
True
Let k = -2 - 3. Let f(s) = -9*s**2 - 8*s**2 + 18*s**2. Is f(k) composite?
True
Let j = 2263 + -986. Suppose -462 = 5*g - j. Is g prime?
True
Let v be (11 + 4)/((-9)/(-186)). Suppose 4*p - v = -3*s + 43, -s + 121 = 3*p. Is s prime?
False
Let n = -2 - -7. Suppose 0 = -n*x + 134 + 311. Is x a composite number?
False
Is (-250 + 0 + -1)/(-1) prime?
True
Let i(o) be the first derivative of -o**3/2 - 5*o**2/2 - o - 3. Let j(u) be the first derivative of i(u). Is j(-6) a composite number?
False
Suppose 283 + 157 = f. Suppose -4*m + 2*m + 5*w + f = 0, w = -2. Is m prime?
False
Let v(h) be the second derivative of h**4/12 - 5*h**3/6 - h**2/2 - 4*h. Is v(9) composite?
True
Is 27/(-45) - 31/5*-158 a prime number?
False
Is 14/(-14)*37/(-1) prime?
True
Let f(a) = a**3 - a**2 + a + 5. Let b be f(0). Is ((-10)/(-6))/(b/45) a prime number?
False
Let u(r) = 11*r**2 - 8 + r**3 - 2*r**3 + 0 - 2*r + 0. Let a be u(6). Suppose 4*x + 5*l - 195 = -x, -5*x + 2*l = -a. Is x a prime number?
False
Suppose -6*x - 2588 = -10*x. Is x composite?
False
Let j = 7 - 5. Suppose -3*n - l = -5*l - 139, -4*l - 86 = -j*n. Is n prime?
True
Suppose -4*v + 385 = 3*b - 0*b, 0 = -5*b - v + 653. Is b a prime number?
True
Suppose -a - 11 = -90. Is a a composite number?
False
Let r(t) = t**2 + 2*t - 1. Let m be r(1). Suppose -s - m*s + 801 = 0. Is s composite?
True
Let g(h) = h**3 + 5*h**2 + 3*h - 2. Let x be g(-3). Let b = -5 + x. Suppose 7 = -f + 2, -b*a + f + 115 = 0. Is a prime?
False
Suppose 0 = -6*u + 4*u + 494. Is u a prime number?
False
Suppose -7*j + 1570 = 3*j. Is j prime?
True
Let r be (-8)/(-40) - 12/10. Let t(j) = -127*j. Is t(r) prime?
True
Suppose -f + 4*s = 3*f - 964, 962 = 4*f - 3*s. Is f prime?
True
Suppose -2*y - 5*x - 17 = 0, 4*y + 2*x - 10 = -4. Let z(j) = 6*j - 5 + 2 + 4. Is z(y) a composite number?
True
Let s = -109 - -402. Is s pri